 of z?
1
What is the hundreds digit of 10 + -6*(-1013)/6?
0
Let o(p) = 1352*p - 335. What is the units digit of o(3)?
1
Let i(o) = 53*o + 7 - 7. Let w be i(1). Suppose -3*m = -12, 0*z - 3*z + m = -w. What is the tens digit of z?
1
Let y = -1926 - -2793. What is the tens digit of y?
6
Let d be 20/(-25)*20/(-8). Let w = 33 - 25. Suppose -w = d*v - 56. What is the tens digit of v?
2
Let q = -79 + 83. Suppose -s - 4*x - 1135 = -6*s, q*s + 3*x = 939. What is the tens digit of s?
3
Suppose 3*q - 396 = j, -4*j = 4*q + 76 - 588. What is the tens digit of q?
3
Suppose -4*w + 312 = -2*k, -4*w = -3*k - 397 - 61. Let o = -46 - k. What is the units digit of o?
0
Let d(r) = 103*r**2 + 12*r. What is the tens digit of d(3)?
6
Suppose 1100 = 7*a - 475. Suppose z - 49 = a. What is the units digit of z?
4
Let v(y) be the third derivative of y**6/120 - y**5/30 + y**4/12 - y**3/2 + 5*y**2. Let g be v(2). What is the tens digit of 98/7 - 1/g?
1
Let s = 3326 + -1127. What is the tens digit of s?
9
Let u(g) = g**2 - 7*g - 11. Let z be u(9). Suppose -q + z = 5*r, 3*q = r - 0*q + 5. What is the tens digit of (r/2)/(2/160)?
4
Let u = -15 + 1. Let r(f) = -f - 3. Let v be r(u). Let m = 37 - v. What is the units digit of m?
6
Let b be 30/(-2) - (-2 - -1). Let c = 18 + b. Suppose -53 = -c*g + 79. What is the units digit of g?
3
Let o be -2*7/(-14) + 1*3. Suppose -27 = o*c - 13*c. What is the units digit of c?
3
What is the hundreds digit of 2/4 - 11*(-315)/18?
1
Let k(m) = m + 6. Let o be k(-4). Let b(h) = -6 - 2 + 6 + o*h. What is the tens digit of b(10)?
1
Suppose 6 = 2*z - 6. Let y(h) = h**3 - 5*h**2 - 3*h - 3. What is the tens digit of y(z)?
1
Let p be 19 + (-1)/((-4)/(-12)). Let i = p - 14. Suppose -3*w = -70 - i. What is the tens digit of w?
2
Suppose 2075 = 20*b - 10965. What is the tens digit of b?
5
What is the tens digit of (-6186)/(-60) + 3/(-30)?
0
Suppose -73*u + 2112 = -61*u. What is the hundreds digit of u?
1
Let s(h) = -21*h**3 - 10*h**2 - 8*h - 22. What is the units digit of s(-4)?
4
Let u be 144 + 0 + -3 + 3. Suppose -2*f + u + 32 = 0. Suppose 17 = n - 2*w + 1, 4*n + 4*w = f. What is the tens digit of n?
2
Suppose -2 = -2*d + 8. Suppose -d*q = c - 43, -2*c + 112 = -q - 2*q. What is the tens digit of c?
5
Let a(i) = 3*i**2 - 3*i - 2 - 3*i**2 - 69*i**3 + 67*i**3. What is the tens digit of a(-2)?
2
Suppose -198*t + 154*t = -143088. What is the thousands digit of t?
3
Suppose 7*f - 9*f - j + 1292 = 0, 4*f - 2*j = 2600. What is the tens digit of f?
4
Let x be 11 - (3 + 0 + -3). Suppose x = -4*i + 27. What is the units digit of i?
4
Let p be (-6)/15 - (-1 + 3939/15). What is the units digit of 0 + (5/(-5) - p)?
1
Suppose 8714 = 5*i - 4*b, -27*i + 3*b = -30*i + 5223. What is the thousands digit of i?
1
Let k(z) = -z**3 - 11*z**2 - 9*z + 13. Let s be k(-10). Suppose -t = -6*t + x + 125, 0 = s*t - 3*x - 87. What is the tens digit of t?
2
What is the tens digit of (-14 - -12) + 82 + -2?
7
Let q = -4543 - -6522. What is the hundreds digit of q?
9
Suppose 0 = -3*k - 5*a - 6 - 11, 3*a - 13 = 4*k. Let y = 8 + k. Suppose 6*r - 5*r - 17 = -5*d, 5*d = y*r + 7. What is the units digit of r?
2
Suppose 2*r = 10*r - 1040. Suppose x - r = 112. What is the tens digit of x?
4
Let w = 28 + -26. Suppose 4*l + w = -x - 4, -2*l - 12 = -4*x. What is the units digit of (7 + l)/(1/3)?
5
Let t(k) = -17*k**3 - 2*k**2 + 8*k + 5. Let v be t(-4). What is the tens digit of v/12 - ((-1)/4 - 0)?
8
Suppose 3*o - 34 = -3*d + 674, 2*d = o + 460. What is the hundreds digit of d?
2
What is the hundreds digit of (-4 - (27 + 4))*-23?
8
Suppose 224 = 2*r + 2*r. Let h be (-6)/(-4)*(-12)/(-9). Suppose -2*x - 2*q - 7 = -45, h*x = 4*q + r. What is the units digit of x?
2
Let n(c) = 10*c**3 + 5*c**2 + 9*c - 3. What is the units digit of n(5)?
7
Let r = 2698 - 1381. What is the tens digit of r?
1
Suppose 8*n - 4*c - 20 = 4*n, 2*c + 7 = n. What is the hundreds digit of (-187 - 6)/(-1*(-2 + n))?
1
Let i(v) = 41*v**2 - 36*v + 1. What is the units digit of i(-5)?
6
What is the tens digit of (4/6 + -2)/(24/(-13428))?
4
Let h = -1 + 26. What is the tens digit of h - -158 - -1*5?
8
Let z = -1347 - -651. Let p be 4/(-14) - z/84. Let a(u) = -u**2 + 9*u + 10. What is the units digit of a(p)?
8
Suppose 0 = -10*z - 167 + 7. What is the units digit of (((-952)/z)/(-17))/(2/(-28))?
9
Let a = 40 - -45. Let h = a + 0. What is the tens digit of h?
8
Let v = -16 - -23. Let a(l) be the third derivative of l**6/120 - 7*l**5/60 + l**4/24 + 7*l**3/6 + 5*l**2. What is the units digit of a(v)?
4
Let j be (-52)/(-14) - 4/(-14). Suppose -g - j = 6. Let c = g - -29. What is the tens digit of c?
1
Suppose 0 = 5*p - 3*t - 777, -p + 2*t + 467 = 2*p. What is the hundreds digit of p?
1
Let m(u) = 30*u**3 + 2*u**2 - 2*u + 1. Let r be m(1). Let v = r + 5. What is the units digit of 280/v - (-2)/9?
8
Let d(m) = -151*m**2 + 5*m - 157*m**2 - 4*m**3 + 298*m**2 - 5. What is the tens digit of d(-5)?
2
Let f = 223 - 124. Suppose -5*g + 0 = -25, 3*i - 3*g - f = 0. What is the tens digit of i?
3
Suppose -3*f - 418 = 4*u - 7, -2*u - f = 203. Let j = 32 - u. What is the hundreds digit of j?
1
Let j = 7058 - 3849. What is the units digit of j?
9
Suppose 3*i + 3*t - 21 = 0, 2*t - 37 = -5*i - t. Let c = i - 2. What is the units digit of (-30 + 0)*(-3)/c?
5
What is the units digit of -689*(84/56)/((-3)/4)?
8
Let n be 46/14 - (16/7 + -2). Suppose -183 = -2*a - 3*q, -q - n*q = 5*a - 468. What is the tens digit of a?
9
Suppose 1537 + 553 = 22*u. What is the tens digit of u?
9
Let u be 1*-1*(-8 - -6). Let m(v) = 4*v + 3*v + 4*v - 1 - 9*v. What is the units digit of m(u)?
3
What is the hundreds digit of 118 + -6 - (2 + -1 - 2)?
1
Let a(y) = 12*y + 15*y**2 - 6 - y - 3 - 11. What is the hundreds digit of a(3)?
1
Suppose 7*o - 4*o = -6. Let h be 13*(-1 - o)*3. Suppose -3*v = -111 + h. What is the tens digit of v?
2
Suppose -2*h = 5*n - 445, 5*h + 15 = -10. What is the units digit of 52/n - 608/(-14)?
4
Suppose -17*w = -32*w + 8670. What is the units digit of w?
8
Suppose 20*j - 19881 = -3761. What is the hundreds digit of j?
8
Suppose -2*p + 13 = 3*u, -4*p + u = p - 7. What is the units digit of 47 + ((-4)/8)/(p/4)?
6
Let x = -8517 + 13178. What is the tens digit of x?
6
Let h(d) = 28*d + 16. Let p be h(-10). Let x = 448 + p. What is the units digit of x?
4
Suppose -58*b - 362 = -60*b. Suppose -5*v - b = -6*v. What is the hundreds digit of v?
1
Let n(v) = v**3 - 4*v**2 + v - 8. Let t be (-35)/(-4 - 1)*1. What is the units digit of n(t)?
6
Let k(l) = 6*l**2 + 15*l + l**3 - 2*l**3 + 0 + 9. What is the units digit of k(8)?
1
Let y(k) = 17*k**3 - 15*k**2 - 13*k + 155. Let o(f) = -8*f**3 + 7*f**2 + 6*f - 77. Let s(l) = -13*o(l) - 6*y(l). What is the tens digit of s(0)?
7
Let j = -16 - -9. Let f be (-4)/(-14) + (-33)/j. Suppose 0 = -f*m - 4*x + 59, -50 = -2*m - 0*x + 5*x. What is the units digit of m?
5
Let k(i) = i + 7. Let x(g) = g + 6. Let a(s) = -6*k(s) + 7*x(s). Let v be a(-11). What is the units digit of (v/(-33))/((-1)/(-21))?
7
Suppose 4*r = -304 - 128. What is the units digit of -24*(3 - r/(-16))?
0
Let o(k) = -13 - 47*k + 43*k - 23. What is the units digit of o(-19)?
0
Suppose 0*m = -2*m - 250. Let j = 184 + m. What is the tens digit of j?
5
Suppose -z = -s + 53, -4*z + 0*z + 5*s = 208. What is the units digit of 3*(-1 + z/(-6))*6?
3
Let d(u) = -2*u**3 + 2*u + 5. What is the hundreds digit of d(-6)?
4
Let n(x) = -x**2 - 17*x + 1. Suppose 60 = d - 2. Suppose -2 = 4*z + d. What is the units digit of n(z)?
7
Suppose 3*w + 3*v - 1170 = 0, 2*v - 9 = 1. Suppose -8*z + z + w = 0. What is the tens digit of z?
5
Suppose 5*a + 20 = 5. What is the hundreds digit of 2/3 - ((-358)/3 - a)?
1
Suppose -p - y = p - 25, p - 12 = -y. Let c(l) = l**3 - 11*l**2 - 18*l + 2. What is the hundreds digit of c(p)?
1
Let f = 43 - 40. Suppose 0 = f*d + d - 92. What is the tens digit of d?
2
Let k = -401 - -506. What is the units digit of k?
5
Suppose -9*s + 128 = -s. What is the units digit of s?
6
Let l be 3/2*(-2546)/57. Let r = -3 - l. What is the units digit of r?
4
Suppose 0 = 5*k + 2*s - 709 - 2258, 4*k = -4*s + 2364. What is the units digit of k?
5
Suppose -13 = 3*w + 2*m + 58, -5*w - 2*m = 125. Let n(g) = -2*g + 3. Let f be n(5). What is the units digit of f/(3/w*3)?
1
Let s(